b(c) = -7351*c + 1881853. What is b(256)?
-3
Let k(b) = -33*b**2 + 166*b - 188. Calculate k(3).
13
Let k(u) = -71737*u + 358612. What is k(5)?
-73
Let c(v) = -1247*v + 8893. Give c(7).
164
Let w(g) = -4032*g + 15513. Determine w(4).
-615
Let d(m) = 8181*m + 752548. Calculate d(-92).
-104
Let a(m) = 9761*m + 58593. Calculate a(-6).
27
Let n(m) = 89931*m - 3237517. What is n(36)?
-1
Let i(l) = 12*l**2 + 92*l - 298. Calculate i(7).
934
Let k(w) = -2*w**3 + 29*w**2 - 131*w + 4. Calculate k(6).
-170
Let n(l) = 266*l + 63074. What is n(-238)?
-234
Let a(w) = -w**2 + 198*w + 60465. What is a(-166)?
41
Let p(t) = -76*t**2 - 35805*t - 4163. Give p(-471).
76
Let t(z) = -z**3 + 14*z**2 + 1094*z + 30. Give t(41).
-503
Let j(o) = 5*o**3 + 18*o**2 + 6*o + 48. Determine j(-6).
-420
Let k(b) = -65*b + 3378. Give k(98).
-2992
Let w(d) = d**2 - 3075*d + 1628560. Calculate w(680).
-40
Let z(p) = -62*p**3 + 593*p**2 - 792*p + 120. Calculate z(8).
-8
Let h(j) = -j**3 + 405*j**2 + 803*j + 4711. Give h(407).
234
Let g(j) = j**3 + 18*j**2 - 202*j - 124. Determine g(-24).
1268
Let z(b) = -16*b**3 + 11200*b**2 + 26*b - 18201. Calculate z(700).
-1
Let k(h) = 126*h**2 + 163*h + 1048. Calculate k(-7).
6081
Let h(g) = 317*g - 2139. What is h(2)?
-1505
Let m(t) = 166*t + 26059. Calculate m(-158).
-169
Let x(o) = 5*o**3 + 2*o**2 - 174*o - 1080. Give x(-6).
-1044
Let h(x) = 2*x**2 + 2791*x + 344984. Give h(-137).
155
Let y(w) = 6*w**2 + 498*w + 7360. Calculate y(-15).
1240
Let h(i) = 29279*i - 29. Determine h(0).
-29
Let a(y) = 683*y + 75692. Determine a(-111).
-121
Let o(y) = 9*y**2 - 13*y - 44. Determine o(7).
306
Let t(x) = -22*x**2 - 461*x + 1390. What is t(3)?
-191
Let d(v) = -3860*v + 108087. Determine d(28).
7
Let p(d) = -436*d + 251021. Give p(576).
-115
Let d(l) = 2*l**2 - 208*l - 4758. Calculate d(127).
1084
Let r(m) = -1881*m + 724231. What is r(385)?
46
Let s(w) = 744*w - 11200. Determine s(15).
-40
Let f(y) = -2*y**2 + 5649*y + 73770. Determine f(-13).
-5
Let j(w) = 13*w**3 - 236*w**2 + 740*w - 38. Determine j(14).
-262
Let u(c) = 66559*c - 1198297. What is u(18)?
-235
Let r(b) = -1541*b - 5372. Calculate r(-3).
-749
Let m(c) = 3*c**2 - 5616*c + 39303. Give m(7).
138
Let b(j) = -2*j**3 - 14*j**2 - 133*j - 978. What is b(-7)?
-47
Let t(p) = -470*p - 2704. Calculate t(-6).
116
Let b(n) = -n**3 - 16*n**2 - 1406*n - 17201. Calculate b(-12).
-905
Let b(q) = -168*q**2 - 1968*q + 5376. Determine b(-14).
0
Let n(f) = -226*f + 2005. Give n(0).
2005
Let x(c) = -c**3 - 85*c**2 - 1393*c - 346. Calculate x(-22).
-192
Let h(t) = 2*t**3 - 74*t**2 + 48*t + 792. What is h(36)?
-72
Let t(m) = -2*m**3 - 52*m**2 + 1128*m + 540. Give t(-40).
220
Let k(f) = f**3 - 507*f**2 + 5396*f + 29751. What is k(496)?
-9
Let k(z) = z**3 + 22*z**2 - 180*z - 3597. Give k(-24).
-429
Let c(m) = -5*m**3 + 60*m**2 - 2353*m + 28362. What is c(12)?
126
Let y(i) = 4*i**2 + 49*i - 886. Give y(-20).
-266
Let y(r) = -6*r**2 + 851*r - 8513. Give y(10).
-603
Let b(v) = 31267*v + 1688089. Calculate b(-54).
-329
Let o(c) = 2*c**2 + 246*c + 2040. Determine o(-8).
200
Let p(d) = d**3 + 48*d**2 + 2000*d + 87761. What is p(-46)?
-7
Let b(h) = 6*h**2 + 224*h + 2392. What is b(-25)?
542
Let i(x) = -2*x**2 - 934*x + 54279. What is i(52)?
303
Let v(w) = 19*w**3 + 2*w**2 + w + 196. Determine v(0).
196
Let u(g) = g**3 - 25*g**2 - 218*g + 5856. Calculate u(23).
-216
Let q(l) = 29*l**3 - 4670*l**2 + 192*l - 4999. What is q(161)?
-8
Let g(n) = n**3 - 8*n**2 + 14*n - 18. Give g(5).
-23
Let h(m) = -752*m - 1191. Determine h(-3).
1065
Let f(i) = 15727*i**2 + 110085*i - 32. Give f(-7).
-4
Let a(y) = 281*y + 55909. Determine a(-199).
-10
Let c(y) = 6*y**3 + 580*y**2 - 103024*y + 12. Give c(-188).
12
Let z(w) = -1740*w + 137456. Calculate z(79).
-4
Let s(n) = -6*n**2 + 227*n + 169056. Calculate s(-150).
6
Let p(j) = -j**3 + 38*j**2 + 13*j - 524. Calculate p(38).
-30
Let i(t) = 297*t + 16761. Calculate i(-56).
129
Let a(l) = 6*l**2 - 889*l - 787. What is a(149)?
-42
Let v(d) = 2*d**2 - 320*d + 12630. Give v(78).
-162
Let m(d) = 11*d**2 + 195*d - 6578. Give m(17).
-84
Let n(h) = -h**3 + 1129*h**2 - 2227*h - 30388. What is n(1127)?
41
Let z(l) = 18*l**2 - 430*l - 8601. Calculate z(37).
131
Let q(h) = -2*h**2 - 6572*h - 336330. Calculate q(-52).
6
Let p(c) = -3500*c - 73490. Give p(-21).
10
Let v(t) = -t**2 + 44818*t + 3816749. Determine v(-85).
-6
Let o(f) = -f**3 - 16*f**2 + 144*f + 2034. Give o(-12).
-270
Let p(x) = -221582*x + 2437374. Calculate p(11).
-28
Let n(w) = 12*w**2 + 1038*w + 4517. Give n(-82).
89
Let z(m) = -m**2 + 297*m - 4758. Determine z(17).
2
Let c(h) = h**2 + 4900*h - 167747. Calculate c(34).
9
Let o(a) = 2*a**2 - 221*a - 774. Determine o(115).
261
Let o(h) = -80*h + 10342. Give o(130).
-58
Let l(g) = 102*g**2 + 172*g - 48. What is l(-2)?
16
Let p(v) = -142*v**2 + 1412*v + 63. What is p(10)?
-17
Let u(n) = -4156*n - 540224. Calculate u(-130).
56
Let z(o) = -8901*o - 71208. Calculate z(-8).
0
Let f(o) = -56582*o - 2150095. Give f(-38).
21
Let z(h) = -21*h**3 + 2795*h**2 - 260*h - 802. What is z(133)?
-4
Let b(p) = 3*p**3 - 632*p**2 + 1867*p - 42203. Determine b(208).
21
Let f(i) = -2*i**3 + 169*i**2 + 123*i - 259. What is f(85)?
2971
Let z(w) = 1385*w**3 - w**2 - 9*w + 9. Determine z(1).
1384
Let l(g) = 577*g + 12586. Give l(-22).
-108
Let x(d) = -2500*d + 117475. Give x(47).
-25
Let n(b) = 1112*b + 78662. What is n(-71)?
-290
Let l(h) = -1602*h + 138863. What is l(86)?
1091
Let f(x) = 23*x**2 + 2193*x + 709. Give f(-95).
-51
Let i(h) = h**2 + 199449*h + 1595533. Give i(-8).
5
Let v(i) = i**3 + 827*i**2 - 17863*i - 46632. What is v(-848)?
8
Let z(b) = b**3 + 50*b**2 + 864*b + 50334. Give z(-52).
-2
Let f(s) = 36*s**3 + 4*s**2 + 8*s + 21. What is f(0)?
21
Let h(v) = -102*v + 638. Calculate h(27).
-2116
Let n(p) = -p**3 - 163*p**2 - 1951*p - 114. What is n(-150)?
36
Let g(c) = 24*c + 64. Calculate g(-8).
-128
Let v(g) = 3*g**2 + 112*g + 1256. Determine v(-14).
276
Let j(g) = -144*g**2 - 318*g - 290. What is j(-4)?
-1322
Let m(s) = s**2 - 174*s + 4193. Give m(139).
-672
Let b(r) = -50230*r + 652958. Give b(13).
-32
Let l(p) = p**2 + 1337*p - 35504. What is l(26)?
-66
Let r(s) = 11*s**2 - 18216*s + 54645. Determine r(3).
96
Let t(x) = -x**2 - 1307*x - 283788. Determine t(-275).
12
Let z(q) = -140*q**2 - 445*q - 1769. What is z(-4)?
-2229
Let z(j) = -11305*j + 1978346. Calculate z(175).
-29
Let i(n) = 11*n**2 - 1408*n - 34413. What is i(149)?
6
Let a(t) = t**3 + 17*t**2 + 629*t + 5682. Calculate a(-10).
92
Let w(f) = 76*f + 4522. What is w(-49)?
798
Let b(a) = -2*a**2 - 1696*a + 61794. Give b(35).
-16
Let t(i) = -33*i**2 + 3548*i + 9066. Give t(110).
46
Let w(o) = 3*o**3 - 24*o**2 - 193*o + 1778. What is w(6)?
404
Let d(z) = z**3 + 355*z**2 + 9191*z + 987. Calculate d(-28).
7
Let i(a) = 1468*a**2 + 2947*a - 38. Give i(-2).
-60
Let p(m) = -m**3 - 193*m**2 - 567*m + 856. What is p(-190)?
286
Let s(k) = -k**3 + 123*k**2 - 16379*k + 2212732. Calculate s(129).
-5
Let g(c) = -1915*c + 76578. Determine g(40).
-22
Let k(j) = -4*j**3 + 84*j**2 + 88*j + 3. Determine k(22).
3
Let t(d) = d**2 - 10397*d + 3380504. What is t(336)?
8
Let y(x) = -x**3 + 8454*x**2 - 135012*x + 70. Give y(16).
6
Let o(i) = -i**3 - 64*i**2 - 84*i - 534. Give o(-63).
789
Let q(s) = -29231*s - 87962. Calculate q(-3).
-269
Let m(p) = -86863*p - 868625. Determine m(-10).
5
Let f(g) = -374*g - 15774. What is f(-41)?
-440
Let n(z) = 79*z**2 - 461*z - 1840. Determine n(-4).
1268
Let f(b) = -5769*b - 5646. What is f(-1)?
123
Let o(g) = -32973*g - 33024. What is o(-1)?
-51
Let h(c) = 37083*c + 1891237. Calculate h(-51).
4
Let f(w) = -778*w**3 + 3123*w**2 - 9*w + 4. Determine f(4).
144
Let t(r) = -r**2 + 67*r + 25102. Give t(195).
142
Let f(d) = 3030*d - 72521. Determine f(24).
199
Let y(s) = -1528*s + 152805. What is y(100)?
5
Let r(y) = -y**3 + 16*y**2 - 48*y - 283. Calculate r(12).
-283
Let f(i) = 3418*i + 23906. Calculate f(-7).
-20
Let o(b) = -57890*b - 3473402. Give o(-60).
-2
Let z(y) = -3*y**2 - 1484*y + 62441. What is z(39)?
2
Let g(c) = -6*c**2 + 161*c + 3774. Calculate g(-15).
9
Let w(j) = -19*j**3 + 99*j**2 - 413*j + 10. Determine w(3).
-851
Let z(g) = g**3 - g**2 + 24*g + 260. What is z(-7)?
-300
Let c(x) = 598*x + 31898. Determine c(-55).
-992
Le